{"id":637,"date":"2024-09-09T17:08:43","date_gmt":"2024-09-09T17:08:43","guid":{"rendered":"https:\/\/vukovi.ba\/?page_id=637"},"modified":"2024-09-26T19:48:32","modified_gmt":"2024-09-26T19:48:32","slug":"u13-copy","status":"publish","type":"page","link":"https:\/\/vukovi.ba\/?page_id=637","title":{"rendered":"U15"},"content":{"rendered":"\t\t<div data-elementor-type=\"wp-page\" data-elementor-id=\"637\" class=\"elementor elementor-637\" data-elementor-post-type=\"page\">\n\t\t\t\t<div data-particle_enable=\"false\" data-particle-mobile-disabled=\"false\" class=\"elementor-element elementor-element-de884f5 e-flex e-con-boxed e-con e-parent\" data-id=\"de884f5\" data-element_type=\"container\">\n\t\t\t\t\t<div class=\"e-con-inner\">\n\t\t\t\t<div class=\"elementor-element elementor-element-ec47999 elementor-widget elementor-widget-image\" data-id=\"ec47999\" data-element_type=\"widget\" data-widget_type=\"image.default\">\n\t\t\t\t\t\t\t\t\t\t\t\t\t\t\t<img fetchpriority=\"high\" decoding=\"async\" width=\"800\" height=\"370\" src=\"https:\/\/vukovi.ba\/wp-content\/uploads\/2024\/09\/Vukovi-U15-1024x473.jpg\" class=\"attachment-large size-large wp-image-958\" alt=\"\" srcset=\"https:\/\/vukovi.ba\/wp-content\/uploads\/2024\/09\/Vukovi-U15-1024x473.jpg 1024w, https:\/\/vukovi.ba\/wp-content\/uploads\/2024\/09\/Vukovi-U15-300x139.jpg 300w, https:\/\/vukovi.ba\/wp-content\/uploads\/2024\/09\/Vukovi-U15-768x355.jpg 768w, https:\/\/vukovi.ba\/wp-content\/uploads\/2024\/09\/Vukovi-U15-1536x709.jpg 1536w, https:\/\/vukovi.ba\/wp-content\/uploads\/2024\/09\/Vukovi-U15.jpg 1600w\" sizes=\"(max-width: 800px) 100vw, 800px\" \/>\t\t\t\t\t\t\t\t\t\t\t\t\t\t\t<\/div>\n\t\t\t\t<div class=\"elementor-element elementor-element-1edc0d6 elementor-widget elementor-widget-text-editor\" data-id=\"1edc0d6\" data-element_type=\"widget\" data-widget_type=\"text-editor.default\">\n\t\t\t\t\t\t\t\t\t<ul><li>Isak <b>MEZET<\/b><\/li><li>Inna <b>LONDON<\/b><\/li><li>Tarik <b>MULABEGOVI\u0106<\/b><\/li><li>Aman <b>BERKOVAC<\/b><\/li><li>Din <b>HAJDAREVI\u0106<\/b><\/li><li>Hana <b>MU\u0160OVI\u0106<\/b><\/li><li>Haris <b>BOROVINA<\/b><\/li><li>Majda <b>PRELI\u0106<\/b><\/li><li>Mikail <b>SILAJD\u017dI\u0106<\/b><\/li><li>Nadja <b>OMERAGI\u0106<\/b><\/li><li>Tajra <b>PUZI\u0106<\/b><\/li><li>Berina <b>VRANE\u0160I\u0106<\/b><\/li><li>Din <b>\u017dARI\u0106<\/b><\/li><li>Hamza <b>OMERAGI\u0106<\/b><\/li><li>Harun <b>HUSEINBEGOVI\u0106<\/b><\/li><li>Jakub <b>SILAJD\u017dI\u0106<\/b><\/li><li>Orhan <b>BURAZEROVI\u0106<\/b><\/li><li>Mak <b>SMAJLOVI\u0106<\/b><\/li><li>Ahmed <b>TURULJA<\/b><\/li><li>Gianni <b>GIUSTI<\/b><\/li><\/ul>\t\t\t\t\t\t\t\t<\/div>\n\t\t\t\t\t<\/div>\n\t\t\t\t<\/div>\n\t\t\t\t<\/div>\n\t\t","protected":false},"excerpt":{"rendered":"<p>Isak MEZET Inna LONDON Tarik MULABEGOVI\u0106 Aman BERKOVAC Din HAJDAREVI\u0106 Hana MU\u0160OVI\u0106 Haris BOROVINA Majda PRELI\u0106 Mikail SILAJD\u017dI\u0106 Nadja OMERAGI\u0106 Tajra PUZI\u0106 Berina VRANE\u0160I\u0106 Din \u017dARI\u0106 Hamza OMERAGI\u0106 Harun HUSEINBEGOVI\u0106 Jakub SILAJD\u017dI\u0106 Orhan BURAZEROVI\u0106 Mak SMAJLOVI\u0106 Ahmed TURULJA Gianni GIUSTI<\/p>\n","protected":false},"author":1,"featured_media":0,"parent":0,"menu_order":0,"comment_status":"closed","ping_status":"closed","template":"","meta":{"footnotes":""},"class_list":["post-637","page","type-page","status-publish","hentry"],"_links":{"self":[{"href":"https:\/\/vukovi.ba\/index.php?rest_route=\/wp\/v2\/pages\/637","targetHints":{"allow":["GET"]}}],"collection":[{"href":"https:\/\/vukovi.ba\/index.php?rest_route=\/wp\/v2\/pages"}],"about":[{"href":"https:\/\/vukovi.ba\/index.php?rest_route=\/wp\/v2\/types\/page"}],"author":[{"embeddable":true,"href":"https:\/\/vukovi.ba\/index.php?rest_route=\/wp\/v2\/users\/1"}],"replies":[{"embeddable":true,"href":"https:\/\/vukovi.ba\/index.php?rest_route=%2Fwp%2Fv2%2Fcomments&post=637"}],"version-history":[{"count":12,"href":"https:\/\/vukovi.ba\/index.php?rest_route=\/wp\/v2\/pages\/637\/revisions"}],"predecessor-version":[{"id":961,"href":"https:\/\/vukovi.ba\/index.php?rest_route=\/wp\/v2\/pages\/637\/revisions\/961"}],"wp:attachment":[{"href":"https:\/\/vukovi.ba\/index.php?rest_route=%2Fwp%2Fv2%2Fmedia&parent=637"}],"curies":[{"name":"wp","href":"https:\/\/api.w.org\/{rel}","templated":true}]}}